3
List the prime factors of 1647.
3, 61
What are the prime factors of 5486?
2, 13, 211
List the prime factors of 19552.
2, 13, 47
List the prime factors of 1350.
2, 3, 5
List the prime factors of 1399.
1399
What are the prime factors of 78?
2, 3, 13
What are the prime factors of 1162?
2, 7, 83
What are the prime factors of 72163?
7, 13, 61
List the prime factors of 7172.
2, 11, 163
List the prime factors of 919.
919
What are the prime factors of 8246?
2, 7, 19, 31
List the prime factors of 5062.
2, 2531
List the prime factors of 6154.
2, 17, 181
What are the prime factors of 199?
199
What are the prime factors of 25699?
31, 829
What are the prime factors of 3185?
5, 7, 13
List the prime factors of 47075.
5, 7, 269
List the prime factors of 1488.
2, 3, 31
What are the prime factors of 2299?
11, 19
What are the prime factors of 119371?
7, 17053
What are the prime factors of 1166?
2, 11, 53
List the prime factors of 3204.
2, 3, 89
List the prime factors of 1957.
19, 103
List the prime factors of 990.
2, 3, 5, 11
List the prime factors of 164.
2, 41
List the prime factors of 120860.
2, 5, 6043
What are the prime factors of 40173?
3, 7, 1913
What are the prime factors of 11825?
5, 11, 43
List the prime factors of 8806.
2, 7, 17, 37
What are the prime factors of 591?
3, 197
What are the prime factors of 39944?
2, 4993
What are the prime factors of 7459?
7459
List the prime factors of 8100.
2, 3, 5
What are the prime factors of 8438?
2, 4219
List the prime factors of 92102.
2, 46051
What are the prime factors of 1098?
2, 3, 61
What are the prime factors of 4084?
2, 1021
List the prime factors of 731.
17, 43
What are the prime factors of 104089?
104089
List the prime factors of 244.
2, 61
List the prime factors of 205.
5, 41
List the prime factors of 16387.
7, 2341
What are the prime factors of 4846?
2, 2423
List the prime factors of 5486.
2, 13, 211
What are the prime factors of 1486?
2, 743
What are the prime factors of 129?
3, 43
What are the prime factors of 15581?
15581
List the prime factors of 370.
2, 5, 37
List the prime factors of 3860.
2, 5, 193
What are the prime factors of 8567?
13, 659
List the prime factors of 62610.
2, 3, 5, 2087
List the prime factors of 11780.
2, 5, 19, 31
List the prime factors of 21909.
3, 67, 109
List the prime factors of 21313.
21313
List the prime factors of 145425.
3, 5, 7, 277
What are the prime factors of 35002?
2, 11, 37, 43
What are the prime factors of 349?
349
List the prime factors of 20257.
47, 431
List the prime factors of 3307.
3307
What are the prime factors of 14276?
2, 43, 83
List the prime factors of 4052.
2, 1013
What are the prime factors of 29155?
5, 7, 17
What are the prime factors of 9170?
2, 5, 7, 131
What are the prime factors of 73725?
3, 5, 983
List the prime factors of 2719.
2719
What are the prime factors of 52617?
3, 17539
List the prime factors of 3088.
2, 193
What are the prime factors of 902?
2, 11, 41
List the prime factors of 459.
3, 17
What are the prime factors of 412?
2, 103
What are the prime factors of 33435?
3, 5, 743
List the prime factors of 5365.
5, 29, 37
What are the prime factors of 61345?
5, 12269
List the prime factors of 47705.
5, 7, 29, 47
List the prime factors of 5419.
5419
List the prime factors of 279.
3, 31
List the prime factors of 78518.
2, 11, 43, 83
List the prime factors of 11811.
3, 31, 127
List the prime factors of 4149.
3, 461
What are the prime factors of 782?
2, 17, 23
What are the prime factors of 611?
13, 47
What are the prime factors of 3556?
2, 7, 127
What are the prime factors of 28615?
5, 59, 97
List the prime factors of 4251.
3, 13, 109
List the prime factors of 137245.
5, 27449
What are the prime factors of 5130?
2, 3, 5, 19
What are the prime factors of 3077?
17, 181
What are the prime factors of 2393?
2393
List the prime factors of 279.
3, 31
List the prime factors of 10428.
2, 3, 11, 79
What are the prime factors of 1820?
2, 5, 7, 13
List the prime factors of 54690.
2, 3, 5, 1823
List the prime factors of 36138.
2, 3, 19, 317
List the prime factors of 1054.
2, 17, 31
What are the prime factors of 1168?
2, 73
What are the prime factors of 20233?
20233
List the prime factors of 2883.
3, 31
List the prime factors of 3380.
2, 5, 13
List the prime factors of 730.
2, 5, 73
List the prime factors of 786.
2, 3, 131
List the prime factors of 828.
2, 3, 23
List the prime factors of 12460.
2, 5, 7, 89
What are the prime factors of 2254?
2, 7, 23
What are the prime factors of 348?
2, 3, 29
List the prime factors of 26802.
2, 3, 1489
List the prime factors of 12294.
2, 3, 683
What are the prime factors of 3836?
2, 7, 137
What are the prime factors of 1142?
2, 571
List the prime factors of 6619.
6619
List the prime factors of 350.
2, 5, 7
What are the prime factors of 971?
971
List the prime factors of 1181.
1181
What are the prime factors of 159?
3, 53
List the prime factors of 14446.
2, 31, 233
List the prime factors of 66610.
2, 5, 6661
What are the prime factors of 655?
5, 131
What are the prime factors of 52638?
2, 3, 31, 283
What are the prime factors of 4020?
2, 3, 5, 67
What are the prime factors of 1483?
1483
What are the prime factors of 983?
983
What are the prime factors of 174757?
11, 15887
List the prime factors of 695.
5, 139
What are the prime factors of 14992?
2, 937
What are the prime factors of 4106?
2, 2053
What are the prime factors of 432?
2, 3
What are the prime factors of 53126?
2, 101, 263
List the prime factors of 11048.
2, 1381
List the prime factors of 11404.
2, 2851
List the prime factors of 17187.
3, 17, 337
What are the prime factors of 16641?
3, 43
List the prime factors of 766.
2, 383
List the prime factors of 1155.
3, 5, 7, 11
What are the prime factors of 80496?
2, 3, 13, 43
List the prime factors of 944.
2, 59
List the prime factors of 2357.
2357
What are the prime factors of 35330?
2, 5, 3533
What are the prime factors of 17286?
2, 3, 43, 67
What are the prime factors of 136680?
2, 3, 5, 17, 67
What are the prime factors of 10786?
2, 5393
What are the prime factors of 534?
2, 3, 89
List the prime factors of 2323.
23, 101
What are the prime factors of 15827?
7, 17, 19
List the prime factors of 2112.
2, 3, 11
What are the prime factors of 1498?
2, 7, 107
What are the prime factors of 92190?
2, 3, 5, 7, 439
What are the prime factors of 8898?
2, 3, 1483
List the prime factors of 1914.
2, 3, 11, 29
List the prime factors of 20933.
11, 173
List the prime factors of 66.
2, 3, 11
List the prime factors of 26298.
2, 3, 487
What are the prime factors of 8804?
2, 31, 71
List the prime factors of 802.
2, 401
What are the prime factors of 5202?
2, 3, 17
What are the prime factors of 569?
569
List the prime factors of 241.
241
What are the prime factors of 348?
2, 3, 29
What are the prime factors of 75454?
2, 31, 1217
List the prime factors of 1837.
11, 167
List the prime factors of 4509.
3, 167
What are the prime factors of 775?
5, 31
What are the prime factors of 2075?
5, 83
What are the prime factors of 4990?
2, 5, 499
List the prime factors of 5524.
2, 1381
What are the prime factors of 11484?
2, 3, 11, 29
What are the prime factors of 2350?
2, 5, 47
List the prime factors of 1372.
2, 7
What are the prime factors of 12743?
12743
What are the prime factors of 3382?
2, 19, 89
What are the prime factors of 5064?
2, 3, 211
What are the prime factors of 2924?
2, 17, 43
What are the prime factors of 1301?
1301
What are the prime factors of 120?
2, 3, 5
List the prime factors of 4359.
3, 1453
What are the prime factors of 2439?
3, 271
List the prime factors of 777.
3, 7, 37
List the prime factors of 1607.
1607
What are the prime factors of 142824?
2, 3, 11, 541
List the prime factors of 100634.
2, 67, 751
What are the prime factors of 159207?
3, 53069
List the prime factors of 11369.
11369
List the prime factors of 34432.
2, 269
What are the prime factors of 1282?
2, 641
What are the prime factors of 1847?
1847
List the prime factors of 34823.
97, 359
What are the prime factors of 137974?
2, 149, 463
List the prime factors of 20598.
2, 3, 3433
What are the prime factors of 1243?
11, 113
List the prime factors of 55428.
2, 3, 31, 149
List the prime factors of 17442.
2, 3, 17, 19
What are the prime factors of 16215?
3, 5, 23, 47
L